5
List the prime factors of 0 + 6 + 675 + -4.
677
Let p = 98 - -36. Let y = 150 - 104. Suppose -y = -5*i + p. What are the prime factors of i?
2, 3
Let z be 14/5*(-20)/(-8). Let s(q) be the first derivative of 2*q**2 + 12*q - 4. What are the prime factors of s(z)?
2, 5
List the prime factors of ((-481)/(-39) - 12) + (-2684)/(-3).
5, 179
What are the prime factors of (0/2 - 0) + 210 - -5?
5, 43
Suppose 3*m - 2*m + 46 = 0. List the prime factors of m/69 + (-424)/(-6).
2, 5, 7
Suppose 0 = 3*k - 5*x + 224, 0 = 3*k - 2*x - 22 + 252. Let h = 108 + k. What are the prime factors of h?
2, 3, 5
Let t = 110 + 84. What are the prime factors of t?
2, 97
Let k = 38 + 74. Let f be 8 - 25/15*3. Suppose -f*v = v - k. What are the prime factors of v?
2, 7
Suppose -49788 = -92*v + 35036. What are the prime factors of v?
2, 461
Let y = -1095 - -1673. List the prime factors of y.
2, 17
Let v = 228 - -161. List the prime factors of v.
389
Suppose 5*d = 16 + 19. Let k(p) = 4*p + 2. Let c be k(d). Suppose -19*b + 14*b + c = 0. What are the prime factors of b?
2, 3
Suppose 3*j - 2*d + 12 = -2, 2*j = 5*d - 2. Let w(y) = y + 241 - 228 + 0*y. What are the prime factors of w(j)?
7
Suppose -182 - 309 = -4*n + 5*g, 2*g = 3*n - 363. List the prime factors of n.
7, 17
Let x be 16/10 + 6/(-10). Let w = -69 + 69. Suppose w = -y + 5 - x, 3*y + 8 = c. What are the prime factors of c?
2, 5
Let y(c) = 4*c**2 - 18*c + 71. List the prime factors of y(4).
3, 7
Let a(z) = z**2 + 6*z - 8. Let h be a(-9). Let u = 21 - h. Suppose -u*b = -5*x + 78, -4*x = 4*b + 20 - 60. What are the prime factors of x?
2, 7
Let m(q) = -10*q**2 - q + 20. Let s be m(4). Let c = s + 213. List the prime factors of c.
3, 23
Let g(s) = -11*s + 16. Let a(d) = -3. Let l(o) = -12*a(o) - 3*g(o). What are the prime factors of l(2)?
2, 3
Suppose -d - 3*d = 4*c - 936, 2*d + 692 = 3*c. Let x = 338 - c. List the prime factors of x.
2, 53
Let t = -1408 - -2641. List the prime factors of t.
3, 137
Suppose d + d - 12 = 0. Let y be 2/4*(-2 - -2). Suppose -4*l = 3*f - 50, -2*f - f - d = y. What are the prime factors of l?
2, 7
Let d(f) = 16*f**2 + f. Let n be d(-1). List the prime factors of n/(-40) - 1041/(-24).
43
Suppose 3*y = 2*j - 4640, 2*y - 3*y = -3*j + 6960. List the prime factors of j.
2, 5, 29
Let r(m) = -m**2 + 30*m + 32. List the prime factors of r(14).
2
Suppose 2*o + 0*o = 1110. Suppose 0 = -5*l - 4*d + o, 5*l + 2*d + 0*d = 545. List the prime factors of l.
107
Let i = -41 - -125. What are the prime factors of i?
2, 3, 7
Let x = 2 + 2. Suppose -3*u - 4*h = h + 3, u + x*h + 1 = 0. What are the prime factors of (30 - (u + 2))*1?
29
Suppose 2*x - 16 = -2*x. Suppose 15 = -z + x*z. What are the prime factors of z?
5
Suppose 4*h - 3*t + 7 = 14, -h + 4*t = 8. Suppose 3*d = d + 5*k - 14, 0 = -4*d - h*k. List the prime factors of 654/27 + d/9.
2, 3
Let g(c) = -4*c + 117. Let a = 137 - 137. List the prime factors of g(a).
3, 13
Suppose -2*q = 4*c - 5*q - 1395, -685 = -2*c - q. List the prime factors of c.
3, 5, 23
Suppose 0 = 3*v + 487 - 607. List the prime factors of v.
2, 5
Suppose 4*w - 176 = -4*f + 3*f, f = -3*w + 176. Let n = 24 + f. List the prime factors of n.
2, 5
Suppose s = -s. Let v(p) = p**3 - 6*p**2 - p + 7. Let i be v(6). Suppose x - i + 3 = 0, s = -3*c + 4*x + 77. List the prime factors of c.
23
Let p be (0 - -4)*((-9)/(-2))/9. Suppose p*b = 28 + 94. List the prime factors of b.
61
Let h = -23 + 29. List the prime factors of 244/12 - h/(-9).
3, 7
Let r be 12/(-42) + 354/14. Let o = -25 + r. Suppose 64 = 4*v + 3*n, o*v + 3*n = -v + 25. List the prime factors of v.
13
Let t(a) = -a**3 + 3 + 10*a**2 + 3*a - 3*a + a. Let w be t(10). Let l = 18 - w. List the prime factors of l.
5
What are the prime factors of (-302)/(-2) + (2 - -3)?
2, 3, 13
Let k = 611 - 354. What are the prime factors of k?
257
Let f(m) = -3*m**3 - 3*m**2 - 2*m - 3. Let d be f(-4). Let p = -46 + d. What are the prime factors of p?
103
Suppose -2*y + 5*p - 100 = -6*y, 2*y + 3*p - 52 = 0. Suppose 4*v + 4*z - 160 = y, -3*z = -v + 29. What are the prime factors of v?
41
Suppose -13*g - 16 = -11*g. What are the prime factors of g/(-4) + (-7)/(21/(-222))?
2, 19
Suppose 81 - 6 = 15*a. Suppose 0 = -4*c - a*n + 87 + 642, 5*c + 2*n = 890. What are the prime factors of c?
2, 11
List the prime factors of (-19)/(2*(-6)/12) + -3.
2
Let s(d) = 6*d**2. Let u be s(1). Suppose 0 = -2*o + 2 + 6. Suppose -o*b = -u*b + 74. What are the prime factors of b?
37
Suppose 36*z - 94*z = -8642. List the prime factors of z.
149
Let k(n) be the third derivative of n**5/30 - 5*n**4/12 - n**3/6 - 6*n**2. What are the prime factors of k(9)?
71
Let i be (-26)/(-12) - 1/6. Let p(d) = -5*d**i + 10*d**2 + 10*d + 7 + 0*d - 6*d**2. What are the prime factors of p(8)?
23
Suppose -1605 = -13*q - 4335. List the prime factors of -2 + (-1 - -4) - q.
211
List the prime factors of ((-6)/12 + 5)*(-3 + 125).
3, 61
Suppose -40*t = -11886 - 18594. List the prime factors of t.
2, 3, 127
Suppose -4*x + 3*x - 28 = 0. Suppose 66 = -2*s - 4*f, 0 = 2*s + 2*f + 34 + 22. Let a = s - x. What are the prime factors of a?
5
Let z(t) = -2*t + 24. Let q = 34 - 9. Suppose -2*m - 20 = -4*v, 4*m = m - 5*v + q. What are the prime factors of z(m)?
2, 3
Let c(n) = 4*n**2 - n + 2. Let v(r) = 2*r + 3. Let z be v(-3). Let a be ((-1)/z)/((-4)/(-24)). What are the prime factors of c(a)?
2
List the prime factors of (-8 - -40)/((-3)/(-21)).
2, 7
Let k(f) = 21*f**2 + f + 67. List the prime factors of k(-6).
19, 43
Suppose 4*l = 16*l - 14136. List the prime factors of l.
2, 19, 31
Let t(f) = 6 - 5*f - 19 + 0*f**3 - 11*f**2 - f**3. List the prime factors of t(-11).
2, 3, 7
Let m = 1159 + 919. What are the prime factors of m?
2, 1039
Let a be (50/(-15))/(1/(-6)). Let s be (-10)/3*(-24)/a. Suppose -s*j = -5*j + 13. What are the prime factors of j?
13
Let k(r) = -66*r + 32. Let p be k(-8). Suppose -15*b + p = -10*b. What are the prime factors of b?
2, 7
Let r = 41 + 147. What are the prime factors of r?
2, 47
Let m(a) = 4*a**2 + 12*a - 11. Let r(f) = 2*f**2 + 6*f - 6. Let s(q) = 3*m(q) - 5*r(q). Let b = 5 + -10. What are the prime factors of s(b)?
17
Let x(r) = -4*r**3 - 7*r**2 - 3*r + 1. Let y(m) = 3*m**3 + 6*m**2 + 2*m - 1. Let w(n) = 2*x(n) + 3*y(n). List the prime factors of w(3).
2, 31
Let y(a) = -a**2 + 7*a + 15. Let o be y(5). Let i = 71 - o. List the prime factors of i.
2, 23
Suppose -j = 8 - 11. Suppose -6*g + 81 = -3*g + s, 5*g - j*s - 121 = 0. List the prime factors of g.
2, 13
Let k(s) be the first derivative of s**5/2 + s**4/12 - s**3/6 - 5*s**2/2 - 8. Let f(i) be the second derivative of k(i). What are the prime factors of f(1)?
31
Let r(g) = g**2 + 2*g - 4. Suppose 3*p = -p - 16. Let d be r(p). Suppose -d*y + 90 = -5*w, -w = y + 3*w - 33. What are the prime factors of y?
5
Let v(g) = g**3 - 5*g**2 + 6*g + 8. Let c(n) = -n**3 + 1. Let k(a) = -5*c(a) + v(a). What are the prime factors of k(3)?
2, 3, 23
Let o(n) = n**2 + 88*n - 5. What are the prime factors of o(9)?
2, 7, 31
Let o = 2035 + -1192. What are the prime factors of o?
3, 281
Let w = 8 + -15. Let a = w + 7. Suppose -106 = -a*r - 2*r. What are the prime factors of r?
53
Suppose 5*b - 45 = -0*b. Suppose -4*u - b - 11 = 0. Let m(s) = -s**3 - 4*s**2 + 5*s + 7. What are the prime factors of m(u)?
7
Let z(l) = -723*l**3 - 5*l**2 - 2*l - 1. What are the prime factors of z(-1)?
719
Suppose -149*o + 30 = -139*o. What are the prime factors of o?
3
Let k(y) = -104*y - 697. List the prime factors of k(-22).
37, 43
Let x = 82 + -48. Let o = x - -25. Suppose -15*w + o = -14*w. What are the prime factors of w?
59
Let z = -184 - -576. What are the prime factors of z?
2, 7
Let d(h) be the first derivative of h**3/3 + h**2 + h - 6. List the prime factors of d(-7).
2, 3
Let q = 2 + -3. Let u(s) = 10*s**2 - 3*s. List the prime factors of u(q).
13
Let t(j) = j + 5. Let b be t(-3). Suppose -b*c - 2*c = 4*f - 332, 4*c = -f + 92. What are the prime factors of f?
2, 5
Suppose f + 2*c = 110, 4 = 2*f + 2*c - 208. List the prime factors of f.
2, 3, 17
Suppose 0 = 4*z + 5*u - 8530, -6392 = -3*z + 3*u - 4*u. List the prime factors of z.
2, 3, 5, 71
Suppose 6*x + 29 = 311. Suppose -4*t + x = -313. List the prime factors of t.
2, 3, 5
Suppose -2*c = -18 + 56. Let b = -17 - c. Let 